greatest common factor of t and 18?
18
Let k(g) = g**2 - 34*g + 78. Let p be k(32). Calculate the greatest common factor of 84 and p.
14
Let m be 15 + 2 + (-4 - -3)*-3. Let w be ((-4)/(-2) + -24)*-1. Suppose -w = -k + m. What is the highest common factor of 28 and k?
14
Suppose 0 = 3*d + m - 62, 5*m = 4*d - 118 + 10. What is the greatest common divisor of 99 and d?
11
Suppose 2*h = -c + 45, 227 - 32 = 5*c + 4*h. Let p = 70 - c. Calculate the greatest common divisor of p and 5.
5
Let j = 165 + -15. Suppose j = 3*t + 2*t. Let y be t - (-3)/(-3)*3. What is the highest common divisor of 3 and y?
3
Suppose -1137*q + 1133*q + 3740 = 0. What is the highest common factor of 165 and q?
55
Let l = 201 + -138. Let m be 7*(-5 + 6 + 1). Calculate the highest common divisor of l and m.
7
Suppose -87 = -5*i - 12. Suppose i*w + 7 = 16*w. Suppose 2*o + 2*k + k - 148 = 0, 0 = o - 5*k - 87. What is the greatest common divisor of o and w?
7
Suppose 0 = -2*f + w + 36, 3*w + 68 = 2*f + 2*f. Calculate the highest common divisor of 80 and f.
20
Let k(x) = -x**2 - 10*x + 138. Let b be k(0). Calculate the highest common factor of 184 and b.
46
Suppose 32*q = 61 + 259. What is the greatest common divisor of q and 430?
10
Let x be 1390/(-35) - 2/7. Let d be (16/x)/(4/(-110)). Calculate the greatest common factor of d and 88.
11
Let k(c) = 12*c - 13. Let f be k(11). Let h(a) = 2*a - 2. Let x be h(3). Suppose 85 = x*d + d. What is the highest common factor of d and f?
17
Let t(k) = -14*k - 26. Let f be t(-7). Let u = 88 + f. Calculate the greatest common divisor of u and 64.
32
Let n(t) = -13*t**2 + t. Let w be n(-1). Let l = 34 - w. Calculate the highest common factor of 16 and l.
16
Suppose -5*v - 3*i + 184 = -204, -i = -5*v + 384. Suppose -2*g + 5*g - 21 = 0. What is the highest common divisor of v and g?
7
Let c = 32 - 25. Suppose c*u - 102 = u. What is the greatest common divisor of 17 and u?
17
Let g = 2 - -6. Let u be (-13)/((-26)/g)*(0 - -1). Let q be -2*(-1 - -3)/(-1). Calculate the highest common divisor of q and u.
4
Suppose -279 = 2*y - 283. Calculate the greatest common divisor of 81 and y.
1
Let g(d) = 3*d**2 + 4*d + 8. Let s = 10 + -4. Let z be g(s). Suppose -2*b + z = b + 4*f, 2*b + 3*f - 93 = 0. What is the greatest common factor of b and 12?
12
Let y(z) = z**2 + 13*z - 8. Let k be y(1). Calculate the greatest common divisor of 2 and k.
2
Let m(c) = 5*c**2 + 78*c - 2. Let h be m(-17). Calculate the highest common factor of h and 2223.
117
Let b(d) = 5*d**3 + 7*d**2 - d - 6. Let n be b(6). Suppose 0 = -4*o - 4*o + n. Calculate the highest common factor of 15 and o.
15
Let y(g) = 24*g**3 + g**2 - g. Let c be y(1). Let x be ((-41)/7 - -5)*-7. Suppose -10*k = -x*k - 192. What is the highest common factor of k and c?
24
Suppose 3 = l - 53. What is the greatest common factor of 63 and l?
7
Suppose -5*j + 5 - 15 = 0. Let s be ((-16)/(-6) + j)*36. Let m = s - -32. What is the greatest common divisor of 8 and m?
8
Let t(v) = v**2 - 11*v + 5. Let f = 9 - 1. Let j be t(f). Let s = 28 + j. What is the highest common divisor of s and 3?
3
Suppose 0 = -z + 649 - 244. Suppose -w + 2*q - 24 = -75, 2*q + 231 = 5*w. Calculate the highest common divisor of z and w.
45
Suppose -h - 4*v + 22 = 0, 4*h + v = 101 - 13. Calculate the greatest common factor of 473 and h.
11
Let c(p) be the first derivative of p**3 + 4*p + 3. Let r be c(-2). What is the highest common factor of 48 and r?
16
Let t be (((-210)/(-4))/(-21))/(3/(-42)). Calculate the greatest common divisor of t and 25.
5
Suppose 2*v = 7*v - 60. Suppose 0 = -2*k + 5*k - 15, 44 = 2*j + 4*k. What is the highest common factor of j and v?
12
Let c = -11 + 15. Suppose -l + 440 = c*l. Suppose 0*v - 2*j - l = -2*v, -5*v - j + 208 = 0. What is the highest common factor of 28 and v?
14
Let t(q) = -q**3 + 30*q**2 + 31*q + 18. Let o be t(31). What is the greatest common factor of o and 162?
18
Suppose -7*u = -2*u - d - 111, d = -u + 21. Suppose 5*a = a + 8. Suppose 0 = 2*k + 3 - 13, a*w = -k + 401. What is the highest common factor of w and u?
22
Let c(o) = -o - 29. Let z be c(-23). Let u(h) = h + 2. Let t be u(5). Let g be z/t*105/(-5). What is the highest common divisor of 6 and g?
6
Suppose n - 517 = 3*l - 76, -5*n - 4*l + 2262 = 0. Suppose -4*c + n = c. What is the highest common factor of 18 and c?
18
Suppose 5*w - 2 = 8. Let g(m) = 9*m**2 - 1. Let x be (-2)/10 + (-54)/(-45). Let b be g(x). What is the highest common divisor of b and w?
2
Suppose 33 - 5 = -4*h. Let v = h + 24. What is the greatest common divisor of 17 and v?
17
Let c(k) = -k**3 - 4*k**2 + k + 2. Let u be c(-4). Let n be u*-27*(-3)/(-3). Suppose 5*v = 106 + n. What is the highest common divisor of v and 96?
32
Let t(b) = -b**3 - 2*b**2 - 10*b - 38. Let g be t(-3). What is the greatest common factor of g and 8?
1
Suppose -v - 5 = 0, 3*g + 5*v + 0 = -28. Let j be (-6)/(-1*g/(-3)). Let a be (-1)/(4/36*-1). What is the highest common divisor of j and a?
9
Let j = 767 + -626. Calculate the greatest common factor of j and 94.
47
Let d be 6 + 21/((-238)/49 - -5). What is the highest common divisor of d and 204?
51
Suppose -3*c - a = -4*c + 60, -c + 5*a + 44 = 0. Let g(u) = -4*u + 4. Let y be g(-3). Calculate the highest common factor of c and y.
16
Suppose -17*w + 31*w - 6972 = 0. What is the highest common divisor of w and 18?
6
Suppose 3*v - 283 = -n + 6*v, 0 = v. What is the greatest common divisor of 1 and n?
1
Let j be (-5)/(10/8) + 28. Suppose 0 = 12*u - 14*u + 624. What is the greatest common divisor of u and j?
24
Let f = 2143 - 1637. What is the greatest common divisor of f and 110?
22
Let o(l) = 12*l - 17*l - 11 - 19. Let y be o(-8). What is the greatest common divisor of y and 80?
10
Suppose -6*n = -4*n - 3*u - 78, -n - 4*u = -28. What is the greatest common factor of n and 3?
3
Suppose 3*i - 4*i + 7 = 0. Suppose 2 = -q + i. Suppose 3*s = q*d - 65, 2*s + 50 = 3*d - 2*s. What is the greatest common divisor of 10 and d?
10
Let f be ((-8)/(-6))/((-16)/24). Let k(v) = -v**3 - 12*v**2 + 13*v - 3. Let t be k(-13). Let d = f - t. Calculate the greatest common divisor of 8 and d.
1
Suppose 3*s = -3*k + 30, -k + 4 = -3*s + 2. Let r be (-51 + 3)*(-295)/354. What is the greatest common divisor of r and k?
8
Let w = 48 + 22. Let n be 2*(-2 + (-22)/(-4)). Suppose -q + n + 21 = 0. Calculate the highest common factor of w and q.
14
Suppose v + 16 = 2*v. Let k = -128 + 192. What is the greatest common factor of v and k?
16
Let i = -13 + 33. Suppose -2*h - i + 26 = 0. Let q be -1 + -1 + -1 + 30. Calculate the greatest common divisor of q and h.
3
Let g(b) = -2*b**2 + 37*b - 29. Let l be g(17). Calculate the highest common factor of l and 55.
11
Let p = -140 - -350. What is the greatest common factor of p and 490?
70
Suppose -6*m + 370 = -m. Let l = 128 - m. Calculate the greatest common divisor of 18 and l.
18
Suppose 9405 = 23*v + 72*v. Suppose 0 = 4*b - q - 31, 2*b - 2*q = -7*q + 43. Suppose 0 = u - 2 - b. What is the highest common factor of u and v?
11
Suppose 3*b + 0*b - 82 = y, 0 = -5*y + 10. Calculate the highest common divisor of 238 and b.
14
Suppose -6 = -c - 8. Let b(l) = -5*l**3 - l**2 - 2*l. Let s be b(c). What is the greatest common divisor of 100 and s?
20
Let t = 5 + 2. Let p(y) = -2*y**2 - 26*y - 4. Let h be p(-12). Suppose g - 2*w = 2*g - h, 4*w = -5*g + 124. Calculate the greatest common divisor of g and t.
7
Let x(w) = -5*w - 15. Let n be x(-6). Let o = -11 + 13. Suppose 2*h = o*c - 8 - 0, 30 = 5*c + 5*h. What is the greatest common divisor of n and c?
5
Let c = -7 - -15. Suppose -7*h = 24 + 18. Let k(r) = -14*r + 4. Let g be k(h). What is the greatest common factor of c and g?
8
Let v be ((-144)/32)/(3/(1 + -1675)). What is the highest common factor of v and 31?
31
Let b = 39 + -37. Let l be 1 + -4 + b + 4. Calculate the highest common divisor of l and 3.
3
Let o be 13/2 - (-2)/4. Let z = 37 + -25. Let w be 3/z - (-834)/24. What is the highest common factor of w and o?
7
Let a = -2 + 46. Calculate the greatest common factor of a and 44.
44
Let x(y) = 12*y**2 + 3*y - 3. Let d be x(2). Suppose 5*q - 49 - d = 0. What is the greatest common factor of 15 and q?
5
Let k be (68 + 12 - -7) + 7*-1. Let c be 0*2/(-4) - -10. Calculate the highest common divis